{"id":67,"date":"2020-08-22T13:31:23","date_gmt":"2020-08-22T11:31:23","guid":{"rendered":"https:\/\/test.em-meister.de\/?page_id=67"},"modified":"2020-08-22T13:31:23","modified_gmt":"2020-08-22T11:31:23","slug":"heizung-wir-heizen-ihnen-richtig-ein","status":"publish","type":"page","link":"https:\/\/test.em-meister.de\/?page_id=67","title":{"rendered":"Heizung &#8211; wir heizen Ihnen richtig ein"},"content":{"rendered":"\n<p>Sie interessieren Sie f\u00fcr energiesparende Anlagen und brauchen den richtigen Rat? Dann sind Sie hier bei uns genau richtig. Wir beraten Sie in Fragen der Wirtschaftlichkeit, Kostenersparnis und finden die f\u00fcr Sie optimale L\u00f6sung. Unsere Leistungen:<\/p>\n\n\n\n<ul><li>Erneuerung von vorhandenen Heizungsanlagen<\/li><li>Austausch von defekten Ausdehnungsgef\u00e4\u00dfen<\/li><li>Austausch von defekten Heizk\u00f6rpern<\/li><li>Umstellung von \u00d6l auf Gas<\/li><li>Heizungsunterst\u00fctzung durch thermische Solaranlagen<\/li><li>Reinigung und Behandlung von Heizungswasser<\/li><\/ul>\n","protected":false},"excerpt":{"rendered":"<p>Sie interessieren Sie f\u00fcr energiesparende Anlagen und brauchen den richtigen Rat? Dann sind Sie hier bei uns genau richtig. Wir beraten Sie in Fragen der Wirtschaftlichkeit, Kostenersparnis und finden die f\u00fcr Sie optimale L\u00f6sung. Unsere Leistungen: Erneuerung von vorhandenen Heizungsanlagen Austausch von defekten Ausdehnungsgef\u00e4\u00dfen Austausch von defekten Heizk\u00f6rpern Umstellung von \u00d6l auf Gas Heizungsunterst\u00fctzung durch [&hellip;]<\/p>\n","protected":false},"author":2,"featured_media":0,"parent":45,"menu_order":0,"comment_status":"closed","ping_status":"closed","template":"","meta":[],"_links":{"self":[{"href":"https:\/\/test.em-meister.de\/index.php?rest_route=\/wp\/v2\/pages\/67"}],"collection":[{"href":"https:\/\/test.em-meister.de\/index.php?rest_route=\/wp\/v2\/pages"}],"about":[{"href":"https:\/\/test.em-meister.de\/index.php?rest_route=\/wp\/v2\/types\/page"}],"author":[{"embeddable":true,"href":"https:\/\/test.em-meister.de\/index.php?rest_route=\/wp\/v2\/users\/2"}],"replies":[{"embeddable":true,"href":"https:\/\/test.em-meister.de\/index.php?rest_route=%2Fwp%2Fv2%2Fcomments&post=67"}],"version-history":[{"count":1,"href":"https:\/\/test.em-meister.de\/index.php?rest_route=\/wp\/v2\/pages\/67\/revisions"}],"predecessor-version":[{"id":68,"href":"https:\/\/test.em-meister.de\/index.php?rest_route=\/wp\/v2\/pages\/67\/revisions\/68"}],"up":[{"embeddable":true,"href":"https:\/\/test.em-meister.de\/index.php?rest_route=\/wp\/v2\/pages\/45"}],"wp:attachment":[{"href":"https:\/\/test.em-meister.de\/index.php?rest_route=%2Fwp%2Fv2%2Fmedia&parent=67"}],"curies":[{"name":"wp","href":"https:\/\/api.w.org\/{rel}","templated":true}]}}